{"id":6,"date":"2024-04-16T14:42:02","date_gmt":"2024-04-16T14:42:02","guid":{"rendered":"https:\/\/beratung-rihs.at\/?page_id=6"},"modified":"2025-12-12T20:08:03","modified_gmt":"2025-12-12T20:08:03","slug":"startseite","status":"publish","type":"page","link":"https:\/\/beratung-rihs.at\/","title":{"rendered":"Startseite"},"content":{"rendered":"\n<div class=\"wp-block-cover alignfull is-light\" style=\"min-height:600px;aspect-ratio:unset;\"><span aria-hidden=\"true\" class=\"wp-block-cover__background has-nv-light-bg-background-color has-background-dim-100 has-background-dim\"><\/span><div class=\"wp-block-cover__inner-container is-layout-flow wp-block-cover-is-layout-flow\">\n<div class=\"wp-block-group\"><div class=\"wp-block-group__inner-container is-layout-flow wp-block-group-is-layout-flow\">\n<div style=\"height:80px\" aria-hidden=\"true\" class=\"wp-block-spacer\"><\/div>\n\n\n\n<div class=\"wp-block-columns is-layout-flex wp-container-core-columns-is-layout-9d6595d7 wp-block-columns-is-layout-flex\">\n<div class=\"wp-block-column is-vertically-aligned-top is-layout-flow wp-block-column-is-layout-flow\" style=\"flex-basis:50%\"><div class=\"wp-block-image\">\n<figure class=\"aligncenter size-full is-resized\"><img loading=\"lazy\" decoding=\"async\" width=\"550\" height=\"500\" src=\"https:\/\/beratung-rihs.at\/wp-content\/uploads\/2024\/04\/rihslogo.png\" alt=\"\" class=\"wp-image-41\" style=\"width:452px;height:auto\" srcset=\"https:\/\/beratung-rihs.at\/wp-content\/uploads\/2024\/04\/rihslogo.png 550w, https:\/\/beratung-rihs.at\/wp-content\/uploads\/2024\/04\/rihslogo-300x273.png 300w\" sizes=\"auto, (max-width: 550px) 100vw, 550px\" \/><\/figure>\n<\/div><\/div>\n\n\n\n<div class=\"wp-block-column is-vertically-aligned-center is-layout-flow wp-block-column-is-layout-flow\" style=\"flex-basis:50%\">\n<div style=\"height:20px\" aria-hidden=\"true\" class=\"wp-block-spacer\"><\/div>\n\n\n\n<h2 class=\"wp-block-heading has-text-align-left has-neve-text-color-color has-text-color\">Willkommen bei Rihs Beratung GmbH<\/h2>\n\n\n\n<p>Durch langj\u00e4hrige Erfahrung und Kompetenz erfahren Sie eine einzigartige Beratung, die Sie nie mehr los l\u00e4sst und zu erstaunlichen Erfolgen f\u00fchren wird!<\/p>\n\n\n\n<p>Wir widmen uns der fachlichen Unterst\u00fctzung und Beratung, von Privatpersonen bis zu Unternehmen, ihr volles Potenzial zu entfalten. Unsere Expertise erstreckt sich \u00fcber verschiedene Bereiche:<\/p>\n\n\n\n<h3 class=\"wp-block-heading\">Verhaltens\u00e4nderung<\/h3>\n\n\n\n<p>Wir unterst\u00fctzen Sie bei der Ver\u00e4nderung Ihrer Gewohnheiten, um nachhaltige Lebens- und Arbeitsweisen zu f\u00f6rdern.<\/p>\n\n\n\n<h3 class=\"wp-block-heading\">Pers\u00f6nliche St\u00e4rkung<\/h3>\n\n\n\n<p>Unsere Beratung zielt darauf ab, Ihre pers\u00f6nlichen und beruflichen Kompetenzen zu st\u00e4rken und Ihre Leistungsf\u00e4higkeit zu steigern.<\/p>\n\n\n\n<p>Wir helfen Ihnen, Ihr Selbstvertrauen zu steigern, sodass Sie sich selbstsicher in allen Lebenslagen bewegen k\u00f6nnen.<\/p>\n\n\n\n<p>Lernen Sie, wie Sie effektiv entspannen und Stress abbauen k\u00f6nnen.<\/p>\n\n\n\n<h3 class=\"wp-block-heading\">Unternehmensf\u00fchrung<\/h3>\n\n\n\n<p>Wir bieten strategische Beratung zur Optimierung Ihrer Unternehmensf\u00fchrung und zur Steigerung Ihrer Gesch\u00e4ftserfolge.<\/p>\n\n\n\n<p>Wir setzen auf eine pers\u00f6nliche und zielgerichtete Vorgehensweise, die auf Ihre individuellen Bed\u00fcrfnisse und Ziele zugeschnitten ist. Kontaktieren Sie uns, um zu erfahren, wie wir Sie auf Ihrem Weg zu pers\u00f6nlichem und beruflichem Erfolg unterst\u00fctzen&nbsp;k\u00f6nnen.<\/p>\n\n\n\n<hr class=\"wp-block-separator has-alpha-channel-opacity\"\/>\n\n\n\n<p>Melden Sie sich f\u00fcr ein kostenloses telefonisches Erstgespr\u00e4ch an oder kontaktieren Sie mich auf Whatsapp unter <a href=\"tel:00436644510770\">+436644510770<\/a><\/p>\n\n\n\n<p>Ich freue mich ebenso auf Ihre Anfrage per Mail an <a href=\"mailto:office@beratung-rihs.at\">office@beratung-rihs.at<\/a> und melde mich bei Ihnen umgehend f\u00fcr ein telefonisches Erstgespr\u00e4ch.<\/p>\n<\/div>\n<\/div>\n\n\n\n<div style=\"height:40px\" aria-hidden=\"true\" class=\"wp-block-spacer\"><\/div>\n<\/div><\/div>\n<\/div><\/div>\n\n\n\n<div style=\"height:40px\" aria-hidden=\"true\" class=\"wp-block-spacer\"><\/div>\n","protected":false},"excerpt":{"rendered":"","protected":false},"author":1,"featured_media":0,"parent":0,"menu_order":0,"comment_status":"closed","ping_status":"closed","template":"","meta":{"_coblocks_attr":"","_coblocks_dimensions":"","_coblocks_responsive_height":"","_coblocks_accordion_ie_support":"","_uag_custom_page_level_css":"","neve_meta_sidebar":"","neve_meta_container":"","neve_meta_enable_content_width":"on","neve_meta_content_width":100,"neve_meta_title_alignment":"","neve_meta_author_avatar":"","neve_post_elements_order":"","neve_meta_disable_header":"","neve_meta_disable_footer":"","neve_meta_disable_title":"on","_themeisle_gutenberg_block_has_review":false,"footnotes":""},"class_list":["post-6","page","type-page","status-publish","hentry"],"uagb_featured_image_src":{"full":false,"thumbnail":false,"medium":false,"medium_large":false,"large":false,"1536x1536":false,"2048x2048":false,"neve-blog":false},"uagb_author_info":{"display_name":"admin","author_link":"https:\/\/beratung-rihs.at\/?author=1"},"uagb_comment_info":0,"uagb_excerpt":null,"_links":{"self":[{"href":"https:\/\/beratung-rihs.at\/index.php?rest_route=\/wp\/v2\/pages\/6","targetHints":{"allow":["GET"]}}],"collection":[{"href":"https:\/\/beratung-rihs.at\/index.php?rest_route=\/wp\/v2\/pages"}],"about":[{"href":"https:\/\/beratung-rihs.at\/index.php?rest_route=\/wp\/v2\/types\/page"}],"author":[{"embeddable":true,"href":"https:\/\/beratung-rihs.at\/index.php?rest_route=\/wp\/v2\/users\/1"}],"replies":[{"embeddable":true,"href":"https:\/\/beratung-rihs.at\/index.php?rest_route=%2Fwp%2Fv2%2Fcomments&post=6"}],"version-history":[{"count":18,"href":"https:\/\/beratung-rihs.at\/index.php?rest_route=\/wp\/v2\/pages\/6\/revisions"}],"predecessor-version":[{"id":83,"href":"https:\/\/beratung-rihs.at\/index.php?rest_route=\/wp\/v2\/pages\/6\/revisions\/83"}],"wp:attachment":[{"href":"https:\/\/beratung-rihs.at\/index.php?rest_route=%2Fwp%2Fv2%2Fmedia&parent=6"}],"curies":[{"name":"wp","href":"https:\/\/api.w.org\/{rel}","templated":true}]}}